 + r - 14 = 0. Suppose 16 = 6*l - k*l. What are the prime factors of l?
2
Suppose -5*v - 2*a + 3406 = 0, 2*a + 1279 = 2*v - 75. Suppose v = y + 4*y. Suppose -4*g + 116 = 5*d, -y = -0*g - 5*g - 4*d. What are the prime factors of g?
2, 3
Let t = 681 + -689. Let i(x) = 9*x**2 - 14*x - 99. List the prime factors of i(t).
19, 31
Let r(c) = 2*c - 3. Let u be r(4). Let y(s) = -2*s + 20 + 2*s - 3*s + u*s. List the prime factors of y(8).
2, 3
Let m(d) = 3*d**2 - 99*d + 4. Let k(l) = -6*l**2 + 197*l - 6. Let q(t) = 3*k(t) + 5*m(t). What are the prime factors of q(22)?
2, 331
Suppose 2 = -4*j + 10. Let h(m) = 2*m**3 - 10*m**2 - 4*m - 2. Let q be h(7). Suppose -7*g + l + 461 = -j*g, -2*g = -5*l - q. What are the prime factors of g?
3, 31
Let w be 2/1 - 2/(-2). Suppose -25*t = -236 + 11. Suppose w*a - 78 - t = 0. What are the prime factors of a?
29
Suppose -5*c = -5*g - 26685, -2*c - g = c - 16027. What are the prime factors of c?
7, 109
List the prime factors of 8693 + -1 - (5 + -5 + 6).
2, 43, 101
Let k(n) = n**3 + 13*n**2 - 26*n + 95. Let t be k(-15). What are the prime factors of (-13)/130*t*(-359 - 1)?
2, 3, 5, 7
Let a be (-4)/(12/(-30)*-5). What are the prime factors of a/3*2925/(-50)?
3, 13
Let q = -5337 - -7813. What are the prime factors of q?
2, 619
Suppose -144*f + 136*f + 24 = 0. Suppose -i + 1173 = f*z - 20, 2342 = 2*i - 5*z. What are the prime factors of i?
1181
Let p(n) = 2*n + 23. Let i be p(7). Let r = i + -43. Let s(c) = 4*c**2 + 2*c - 21. What are the prime factors of s(r)?
3, 37
Suppose -12*z - 61430 = -22*z. What are the prime factors of z?
6143
Suppose l - 51559 = -5*p, -5*p - 5*l - 15496 = -67031. What are the prime factors of p?
10313
Let s(d) = -d**2 - 16*d - 16. Let g be s(-31). Let r = -238 - g. List the prime factors of r.
3
Suppose 2*o - i + 1 = 0, 0*o + 3*i = -o + 10. What are the prime factors of (-5)/1*o*1870/(-25)?
2, 11, 17
Suppose 60 = a + 2*s, -2*s = -0*s + 10. Suppose -8*t + 13*t + 12*t = 306. Let p = t + a. What are the prime factors of p?
2, 11
Let q(y) = 129*y - 33. Let g(h) = h**2 - 2*h. Let x(w) = 3*g(w) + q(w). List the prime factors of x(-43).
3, 5
Let n(k) = 1154*k + 109. Let f be n(-17). List the prime factors of (-1)/(((-2)/(-4))/(f/42)).
929
Let v = 6 - -31. Suppose -233*q = -243*q - 150. Let t = q + v. List the prime factors of t.
2, 11
Let z(k) = 11*k**2 - 3*k - 1. Let s be z(3). Let p = s + -86. Suppose -4*f + 47 = j, 7*f = -p*j + 3*f + 173. What are the prime factors of j?
3, 7
Let o(q) = 6*q - 2 - 7*q + q**3 + 12*q**2 - 5*q. Suppose 5*w - 55 = 10*w. What are the prime factors of o(w)?
5, 37
Suppose 5*t + 53*m - 49*m - 1999 = 0, -3*t = -5*m - 1229. What are the prime factors of t?
13, 31
Let v(o) = o**3 + 19*o**2 + 35*o + 20. Let i be v(-17). What are the prime factors of (-32956)/(-132) - 2/i?
3, 83
Suppose -38*v = v + 21*v - 2014620. List the prime factors of v.
33577
Let o(v) be the second derivative of -7/12*v**4 + 0 - 1/20*v**5 + 0*v**2 - 2*v**3 - 15*v. What are the prime factors of o(-5)?
2, 5
Let x = 804 - 801. Suppose 0*p + 4*p = x*s - 4443, 2*s = -p + 2973. List the prime factors of s.
3, 5, 11
Suppose 23*h + 2644 = 8095. List the prime factors of 4/(-2) + (-2 - h)*-2.
2, 7, 17
Suppose 0 = 4*p - 14 + 2. Suppose p*x + 3*j = 2883, 0 = -4*x - j - 553 + 4409. List the prime factors of x.
5, 193
What are the prime factors of 22408 + 40/(-12) + (-55)/33?
43, 521
Suppose 2*q - 4*d - 138 = 0, d - 164 = -2*q - 46. Suppose -q = -2*l + 189. List the prime factors of l.
5
Suppose -39*d + 45*d - 114 = 0. List the prime factors of (3 + d/(-3))/((-22)/1089).
3, 5, 11
Suppose 4*g - i + 5*i = 29716, 2*i = 3*g - 22257. What are the prime factors of g?
13, 571
Suppose -30443 = -14*v + 40831. List the prime factors of v.
3, 1697
Let l = -16994 + 37773. What are the prime factors of l?
11, 1889
Suppose -690*u = -710*u + 40180. List the prime factors of u.
7, 41
Let c(m) = -7*m**3 - 15*m**2 - 9*m - 31. Let x(q) = q**3 + q + 1. Let y(n) = -c(n) - 6*x(n). List the prime factors of y(-11).
2, 7, 17
Suppose 6*l - 1 = n + l, -5*l = -4*n + 11. Let m be (8/(-10))/((-10)/(-125)). List the prime factors of (95/m + n)/(1/(-2)).
11
List the prime factors of (-12)/(5*(-7)/19495) + 3.
3, 743
Suppose 3*n + 31 = o, 4*n = 6*n - 4*o + 34. Let u(v) = -v**3 - 2*v**2 + 13*v + 23. List the prime factors of u(n).
11, 43
Let d = -32759 + 50984. List the prime factors of d.
3, 5
Suppose -10931 = -q + b - 6*b, 4*q = -2*b + 43832. What are the prime factors of q?
97, 113
Let x = -97 - -97. Suppose -b = 2*n - 73, -7*n + 10*n - 12 = x. List the prime factors of b.
5, 13
List the prime factors of (-10)/(-25) + (-30808080)/(-675).
2, 3, 7607
Let w(u) = -3*u + 36. Let s be w(12). Suppose s = 5*x + 3*t - t + 27, -4*t - 4 = 0. What are the prime factors of x/(10/(-4)) - (-3 - 137)?
2, 71
Suppose -546 = 3*c - 2*i, -3*c - 5*i - 885 = 2*c. Suppose 3357 = 27*g - 17 - 5374. Let p = g + c. List the prime factors of p.
2, 3
Suppose 51524 + 26316 = 8*v. Suppose -v + 2305 = -27*h. What are the prime factors of h?
5, 11
Suppose 8*m - 600 = -5*j + 13*m, -344 = -3*j - 5*m. Let v = 746 + j. What are the prime factors of v?
2, 3
Let m(h) = -h**2 + 17*h. Let g be m(17). Suppose z + g*z - 179 = -3*b, -5*z + 949 = -3*b. What are the prime factors of z?
2, 47
Let z(c) = c**3 + 7*c**2 - 1. Let g be z(-6). Let v be (2 + 3)*(-297)/(-45). Let k = g + v. List the prime factors of k.
2, 17
Let n(i) = i**2 + 3*i + 17. Let t be n(-15). What are the prime factors of 4/(-4)*2 + t?
3, 5, 13
Let s = -71 - -75. Suppose 0 = -4*m - s*t - 32, -5*t + 1 = -4*m - 4. Let j(n) = -n**3 + n**2 + 2*n - 20. What are the prime factors of j(m)?
2, 3, 5
Suppose -13*w + 24 = -93. What are the prime factors of 9 + w/(-1) - -733?
733
Let c(b) = -b**3 - 17*b**2 - 56*b + 2. Let i be c(-14). Suppose -i = -8*d + 378. List the prime factors of d.
2, 3
Suppose -13*g - 5*g + 6516 = 0. Let k = 758 - g. What are the prime factors of k?
2, 3, 11
Let o(n) = -n**3 - 9*n**2 - 13*n - 41. Let j be o(-8). Let u be 150/24 - j/(-4). List the prime factors of 199 - (-4)/((-8)/u).
2, 7
Let z(a) be the third derivative of 11*a**6/120 + 7*a**4/24 - 5*a**3 - 212*a**2. What are the prime factors of z(3)?
2, 3
Let j = 206 + -202. Suppose -3*n + y = -387, j*n - 4*y = 269 + 239. List the prime factors of n.
2, 5, 13
Let y(i) = 4*i**2 - 31*i + 14. Suppose 2*l + h + 8 + 12 = 0, -4*l - 3*h = 42. What are the prime factors of y(l)?
617
List the prime factors of 2400 - ((-8)/6 - (-26)/6).
3, 17, 47
Let h(k) = 19*k - 8 - 3 - k. Suppose -19*i + 71 = 14. What are the prime factors of h(i)?
43
Let v be 21/126 + 524/24. Suppose 4*p = 2*p + 10. Suppose -p*q + 73 = 3*o, -2*q + 9*o - 12*o = -v. What are the prime factors of q?
17
Suppose 2892145 = -10*i + 6*i + 51*i. What are the prime factors of i?
5, 31, 397
Let c(p) = 16*p**2 - 150*p - 19. What are the prime factors of c(-16)?
3, 17, 127
Let r(z) = -5*z**2 + 23*z + 23. Let y(t) = 2*t**2 - 12*t - 11. Let g(a) = 3*r(a) + 7*y(a). Let c be g(-7). Suppose -c - 38 = -2*i. List the prime factors of i.
43
Suppose 12*s = 8*s - 16. Let l = s - -8. What are the prime factors of (-516)/(-24)*(-2 + l)?
43
List the prime factors of -136297*(3 - (-192)/(-70))*(-15)/9.
3, 19471
Let s(f) = -4*f + 74. Let v be s(18). Suppose -1078 = -2*u - v*d - 0*d, -15 = -3*d. What are the prime factors of u?
2, 3, 89
List the prime factors of 32/272 - (-865050)/102.
3, 11, 257
Let a(z) be the second derivative of -2*z**3 + 11*z**2/2 + 18*z. Let f be a(-3). Let r = f - -3. List the prime factors of r.
2, 5
Suppose 2*c = 4*t - 150281 - 29615, 5*c - 134961 = -3*t. List the prime factors of t.
41, 1097
Let j(c) = 480*c**3 - 17*c + 29. List the prime factors of j(3).
2, 6469
Let g(u) = -876*u - 9788. List the prime factors of g(-60).
2, 17, 37
Let h(s) = 11 - 2*s + 4*s + 42 + 20*s**2 + 13*s. What are the prime factors of h(-5)?
2, 239
Let o(q) = -q**3 + 3*q**2 - 15*q + 4551. What are the prime factors of o(0)?
3, 37, 41
Let t(m) = -5*m - 11. Let d(y) = -2*y - 5. Let j(u) = 7*d(u) - 3*t(u). Let o be j(5). Let r = 6 + o. What are the prime factors of r?
3
Let l = -23 - -73. Let b be (12/2)/((-39)/(-26)). Suppose -b*x = -9*x + l. What are the prime factors of x?
2, 5
Suppose 5*c = 20 + 10. Suppose c*h - 772 - 1064 = 0.